r of l and u.
10
Suppose 73*s - 76 = 69*s + 4*z, -s - 5*z + 7 = 0. What is the highest common divisor of s and 3?
1
Let b = 210 + -140. Suppose -4*y + 46 + b = 0. What is the highest common divisor of y and 58?
29
Suppose 0 = -5*j + 158 - 148. Let f be 63/(-6)*(36/(-14) + j). Calculate the highest common divisor of f and 12.
6
Let o(u) be the second derivative of 4*u**4/3 - 2*u**3/3 + u**2/2 - 26*u. Let k be o(1). What is the greatest common factor of 2 and k?
1
Let q = 1886 - 1874. Calculate the greatest common divisor of q and 4404.
12
Let n be (0 - -1)/((-2)/142). Suppose -10*x - 455 = 305. Let m = n - x. Calculate the greatest common divisor of m and 5.
5
Let w be 8 + 30/(-6) - (0 - -2). Let f(i) = -i**2 - 6*i - 2. Let p be f(-5). What is the greatest common factor of w and p?
1
Suppose -3*d - 4*b = -0*b - 40, -15 = 3*b. Suppose -2*v - 4 = u, 10 = -4*v + 2. Suppose 4*x + 15 - 31 = u. Calculate the highest common divisor of x and d.
4
Let y = 84 - 49. Let c(k) = k**2 - 27*k - 900. Let j be c(47). What is the highest common factor of j and y?
5
Let a be 93 + -1 + 2*-1. Suppose q = -4*q + a. Let m = 3646 + -3634. What is the greatest common factor of q and m?
6
Suppose 3*x - 160 = -2*x. Suppose -5*u - 5*a = -295, -x - 31 = -u + a. Let t = 106 - u. Calculate the greatest common divisor of t and 30.
15
Suppose 2040 - 480 = 6*a. Suppose -a + 44 = -3*y. Let w = -54 + y. Calculate the highest common factor of w and 126.
18
Suppose -56 = -5*y - 5*l + 4*l, -4*y - 2*l = -40. Let s = -1950 + 1974. Calculate the greatest common divisor of y and s.
12
Let z(m) = -m**3 + 24*m**2 - 34*m + 633. Let c be z(23). What is the greatest common divisor of 3230 and c?
190
Let l(s) = 176*s - 1. Let r(u) = -u**2 + 2*u + 5. Let d be r(3). Let i be l(d). Suppose -2*t = 4*t - 234. Calculate the greatest common divisor of t and i.
39
Suppose k = -2*f, 0*k - f = -4*k + 45. Suppose -2*v + 52 = -4. Suppose 22*h + 60 = v*h. Calculate the greatest common divisor of k and h.
10
Let b be -60*(-21)/24*2. Let s be 49 - 0/(-1) - (-448 - -455). Calculate the greatest common factor of s and b.
21
Let d(b) = 7*b**2 - 3*b + 1. Let z be d(2). Let a be (-437)/152*-136 + 0. What is the greatest common factor of a and z?
23
Suppose -m = -n + 612, 2*m - 5*m + 1812 = 3*n. Let y be ((-57)/(-4))/(57/n). Let l = y - 141. What is the highest common divisor of 121 and l?
11
Let i = 8620 - 5045. What is the greatest common divisor of i and 50?
25
Suppose 15*p - 8062 = 7103. Suppose -2*d = -5*r + 1281, 17*d - 20*d = 4*r - p. Calculate the highest common divisor of 5 and r.
5
Let y(z) = 3*z - 42. Let k be y(-5). Let r = k - -123. Calculate the greatest common factor of 132 and r.
66
Let n = 2540 + -1172. Calculate the highest common factor of 855 and n.
171
Let m be 530/(-3710)*(-1 + 0 + -426). What is the greatest common divisor of 4 and m?
1
Let u(d) = 216*d - 3000. Let b be u(14). What is the highest common factor of 9948 and b?
12
Suppose 2440*n = 2425*n + 180. Calculate the greatest common divisor of 30228 and n.
12
Let y be ((-9)/4)/(14/(-4368)). Let a be 52/y + 5396/54. Calculate the greatest common divisor of a and 275.
25
Suppose -15*c = 4*u - 13*c - 416, -3*c - 303 = -3*u. Calculate the highest common factor of u and 4841.
103
Let w be 16 + ((-37)/7 - 54/(-189)). Let y(t) = -45*t + 4. Let x be y(-7). Calculate the greatest common factor of x and w.
11
Let l(h) = 4*h**2 + 3*h - 15. Let u be 3 - 1/((-4)/(-12)). Let o be (-1)/(u + (-4)/(-20)). Let f be l(o). What is the greatest common factor of 10 and f?
10
Suppose -86*s = -70*s - 8640. What is the highest common divisor of s and 495?
45
Let x be -2 - (-1 + (-111)/3). Let b = -94 + x. Let g = b + 72. What is the highest common factor of 21 and g?
7
Suppose -10 = -j - 4*l - 1, 2*j = 2*l + 8. Let x be (8 - -442)/j - -6. Calculate the greatest common factor of x and 36.
12
Let v = 14590 + -13237. Calculate the greatest common divisor of v and 1968.
123
Let a be 26/(-91) - (-749)/49. Let s be ((-450)/(-35))/(6/56). Calculate the highest common factor of a and s.
15
Let v(r) = 2*r**2 + 42*r + 225. Let g be v(-10). Suppose 3*n + 0*n = 0. Suppose -3*a + g*a - 330 = n. Calculate the highest common divisor of a and 15.
15
Let b(v) = v**2 - 93*v - 213. Let j be b(96). Suppose -2*h + 630 = 4*h. Calculate the greatest common divisor of h and j.
15
Let f(j) = -15*j**2 + 123*j - 35. Let l be f(7). What is the highest common divisor of 2093 and l?
91
Suppose -21 = -3*w - 9. Suppose -4*z - 4 = 4, -492 = -w*o - 2*z. Let p = -114 + o. Calculate the highest common divisor of p and 60.
10
Let i = 3581 + -3488. Calculate the highest common factor of 186 and i.
93
Let t = -18 + 27. Let j(r) be the second derivative of r**3/6 - 13*r**2/2 - 6*r + 6. Let k be j(22). Calculate the greatest common divisor of t and k.
9
Suppose -67 = -8*a - 3. Let c be ((-7)/2)/(-7)*a. Calculate the highest common factor of 36 and c.
4
Suppose -69 = -5*d + 71. Let v(z) = -21*z - 21. Let m be v(-1). Suppose m = -44*k + 32*k + 48. Calculate the highest common divisor of k and d.
4
Suppose -90 = -8*v + 2*v. Suppose x = 18 - v. Let b(i) = 5*i + 13. Let l be b(x). What is the highest common divisor of 28 and l?
28
Let t(c) = c**3 + 8*c**2 + 16*c + 24. Let k be t(-6). Suppose 5*l - l + 4*n - 328 = k, 4*l - 4*n - 320 = 0. Calculate the highest common divisor of 243 and l.
81
Suppose 2*h = -2*j + 1542, -2*h - j = -53 - 1486. What is the highest common factor of h and 36?
12
Suppose 3*f + f + 20 = 0, 0 = 3*w + 5*f - 1196. Let z = -383 + w. What is the highest common divisor of z and 44?
4
Let b be (4 + -1)*7189/237. What is the highest common factor of 8099 and b?
91
Let i(f) = -f**2 - 13*f - 20. Let m be i(-9). Suppose 0 = -14*w + 10*w + m. Let k be 439/w - -1*(-4)/(-16). Calculate the highest common factor of 10 and k.
10
Let g = 327 - -702. Let a be (8 + 27)*1/5*7. What is the highest common divisor of a and g?
49
Suppose -99*x + 106*x + 35 = 0. Let v be x/(-2)*(-45 + 47). What is the greatest common divisor of v and 15?
5
Suppose 2256 - 1182 = 29*l - 3102. Calculate the highest common factor of l and 1314.
18
Let s be 18/10*(-130)/(-39). Suppose -4*j + s*j = -2*l + 76, -j - 2*l + 35 = 0. What is the greatest common divisor of j and 287?
41
Let x(j) = -3*j**2 + j - 1. Let y(a) = -5*a**2 + 6*a + 28. Let d(n) = -2*x(n) + y(n). Let v be d(-4). Calculate the highest common factor of 60 and v.
30
Suppose -16*u = 3*h - 13*u - 3735, -u - 4960 = -4*h. What is the highest common factor of h and 340?
17
Suppose 194 = 4*l - g + 3*g, 5*l - 2*g = 265. Let x(j) = -j**3 + j**2 - 9*j + 4. Let z be x(-7). What is the highest common factor of z and l?
51
Let f be (6 - 8)*36099/(-18). What is the highest common divisor of f and 63?
21
Let g(w) = w - 2. Let j be g(3). Let f be (2/7 - (-330)/21)/(-2). Let h be (4 - 5)/(4 - (-33)/f). What is the greatest common factor of h and j?
1
Suppose 23*s - 22*s = a + 718, -726 = -s + 5*a. What is the highest common divisor of s and 5549?
179
Let x be 15/(-5 - -10) - -24. Suppose -f + 23 = 3*d - 10, 3*d = -3*f + x. Calculate the greatest common divisor of d and 492.
12
Let f be (11 - (-32904)/(-81)) + (-2)/(-9). Let r be (f*18/(-45))/1. Calculate the greatest common divisor of r and 79.
79
Suppose 2*h - 3124 = -v, 5*v - h + 9347 = 8*v. Calculate the greatest common factor of 36 and v.
18
Let p(v) = -1036*v**3 - 2*v**2 - 2*v. Let i be p(-1). Suppose 20*q - 2064 = i. Calculate the greatest common divisor of q and 5.
5
Suppose 4*k - 165 = 6*d - d, 2*d - 6 = 0. Let i = 1059 + -114. What is the highest common divisor of k and i?
45
Suppose -4*c + c - v = -20, 25 = 2*c + 3*v. Let q be ((-168)/c)/(117/(-390)). What is the highest common factor of 7 and q?
7
Suppose -1 = 4*y - 9. Suppose 0*q - 2*q + 2*m = -24, y*q = 4*m + 14. Suppose -q*u = -22*u + 1650. What is the greatest common divisor of 30 and u?
30
Let l(d) = -13*d**3 - d**2 - d. Let h be l(-1). Let c be 0 - (2 + -1 + -1). Suppose 18*a - 20*a + 52 = c. What is the highest common factor of h and a?
13
Let u be 0 + (-116785)/(-35) - 295/413. What is the greatest common factor of 24 and u?
24
Let c = 11 - 2. Suppose -24 - 56 = 16*a. Let n be (9/15)/(1/a) - -66. What is the greatest common divisor of c and n?
9
Let h be (